s j(32)?
-160
Let y(v) = -68*v - 7762. Calculate y(-114).
-10
Let d(r) = -r**3 + 199*r**2 + 138*r + 12379. What is d(200)?
-21
Let k(t) = -t**2 - 16*t + 132. Determine k(7).
-29
Let z(a) = -a**2 - 96*a - 846. Determine z(-12).
162
Let u(x) = x**3 - 8*x**2 - 171*x - 151. Calculate u(18).
11
Let m(t) = t**3 + 13*t**2 - 60*t + 87. Calculate m(-17).
-49
Let t(x) = -505*x - 2059. Calculate t(-4).
-39
Let o(w) = -9*w**2 - 2014*w + 455. Give o(-224).
7
Let v(p) = p**3 + 10*p**2 + 29*p + 31. What is v(-6)?
1
Let b(n) = -n**3 + 7*n**2 - 12*n - 2. Determine b(7).
-86
Let d(w) = 130*w + 1318. Give d(-10).
18
Let l(b) = -2*b**3 - 4*b**2 - 78*b - 151. Calculate l(-2).
5
Let b(q) = -q**3 - 13*q**2 - 256*q - 3355. Give b(-13).
-27
Let l(a) = -a**3 - 29*a**2 - 51*a + 85. Give l(-27).
4
Let i(w) = 26*w + 1769. Give i(-66).
53
Let i(v) = -17*v - 374. Calculate i(-16).
-102
Let k(i) = 6*i**2 + 86*i + 300. Determine k(-9).
12
Let r(c) = 981*c + 12764. Calculate r(-13).
11
Let k(v) = v**3 + 31*v**2 + 31*v - 20. What is k(-30)?
-50
Let j(s) = -s**2 + 4549*s - 31782. Determine j(7).
12
Let o(i) = i - 160. Determine o(130).
-30
Let j(t) = -t**3 + 16*t**2 - 34*t + 29. What is j(12)?
197
Let n(x) = -391*x - 9283. Calculate n(-24).
101
Let f(i) = -19*i + 1209. Give f(59).
88
Let b(s) = -93*s - 376. What is b(-4)?
-4
Let h(y) = 9*y**2 - 311*y + 1735. Determine h(6).
193
Let z(r) = r**3 - 42*r**2 - 148*r + 585. Give z(45).
0
Let t(h) = -3*h - 153. Give t(-45).
-18
Let c(n) = n**2 - 2*n + 88. Give c(0).
88
Let c(p) = -11*p - 380. Give c(-35).
5
Let j(v) = -v**3 + 144*v**2 - 1936*v + 122. Calculate j(129).
-7
Let q(b) = -17*b + 21. Calculate q(-13).
242
Let h(a) = 231*a + 5. Give h(0).
5
Let o(b) = -2*b**3 - 127*b**2 + 69*b + 312. What is o(-64)?
-8
Let b(a) = -2*a**3 + 7*a**2 + 9*a - 24. What is b(2)?
6
Let z(m) = 76*m - 1375. Give z(18).
-7
Let j(p) = 63*p - 3651. Give j(58).
3
Let s(f) = 3*f**2 + 39*f + 8. Calculate s(-6).
-118
Let l(q) = -10*q**3 + 168*q**2 + 162*q - 4. Give l(-1).
12
Let h(m) = -2*m**2 - 98*m + 12. Give h(-49).
12
Let y(c) = 13*c**3 - 3*c**2 - 31*c + 70. Determine y(2).
100
Let d(m) = 9*m - 387. Give d(46).
27
Let c(j) = 9*j - 39. Calculate c(9).
42
Let q(g) = 23*g**3 - 205*g**2 - 15*g - 11. Determine q(9).
16
Let j(z) = z**3 - 2*z**2 - 7*z - 37. Calculate j(6).
65
Let i(l) = 71*l**2 - 2149*l - 5. Calculate i(30).
-575
Let o(j) = -2*j**3 + 74*j**2 + 242*j - 144. Determine o(40).
-64
Let b(v) = 1261*v - 13869. Calculate b(11).
2
Let o(j) = 60*j**2 - 16*j + 12. Determine o(0).
12
Let c(k) = k**3 + 11*k**2 + 7*k + 223. Give c(-12).
-5
Let i(h) = 29*h + 1549. Determine i(-53).
12
Let g(w) = w**2 - 35*w - 351. Determine g(42).
-57
Let k(h) = h**3 - 24*h**2 - 51*h - 376. Determine k(26).
-350
Let g(o) = -o**2 - 20*o + 413. Determine g(-32).
29
Let x(i) = -i**2 - 45*i - 398. Give x(-33).
-2
Let r(s) = 3*s**2 + 143*s - 3. Determine r(-48).
45
Let o(v) = v**3 - 238*v**2 + 1146*v + 4426. Give o(233).
-1
Let x(j) = 19*j**2 - 1082*j - 52. Calculate x(57).
5
Let w(k) = k**3 - 82*k**2 - 526*k - 1. What is w(-6)?
-13
Let r(k) = 23*k**2 + 241*k + 115. What is r(-10)?
5
Let l(r) = -2*r - 46. Determine l(-23).
0
Let l(y) = 862*y - 2564. What is l(3)?
22
Let a(s) = -7*s + 19. Determine a(-7).
68
Let x(w) = 17*w + 7. Calculate x(1).
24
Let k(r) = -2*r**3 + 53*r**2 - 299*r - 6. Give k(8).
-30
Let k(d) = 146*d - 5406. Calculate k(37).
-4
Let r(s) = -2*s + 18. Calculate r(-26).
70
Let v(i) = i**3 + 31*i**2 - 66*i + 41. Determine v(-33).
41
Let q(l) = 2*l**3 - 163*l**2 - 80*l - 224. Calculate q(82).
-60
Let u(a) = -a**3 - 7*a**2 - 36*a - 185. Determine u(-6).
-5
Let b(h) = -h**3 + 20*h**2 + 23*h - 434. Determine b(20).
26
Let r(l) = 5*l**2 - 5*l - 40. Calculate r(-3).
20
Let k(d) = 32*d + 1854. What is k(-58)?
-2
Let l(t) = 12176*t - 12164. Determine l(1).
12
Let r(f) = -f**3 + 10*f**2 + 89*f - 848. Determine r(11).
10
Let m(q) = 1366*q - 28681. Calculate m(21).
5
Let h(j) = -3*j - 63. Give h(-33).
36
Let r(a) = a**3 + 9*a**2 - 18*a. Calculate r(-7).
224
Let k(i) = -i**2 - 61*i + 1597. Give k(-78).
271
Let m(g) = -207*g + 4763. What is m(23)?
2
Let c(v) = v**3 - 22*v**2 + 38*v + 44. Give c(20).
4
Let g(c) = 22*c - 138. Calculate g(11).
104
Let n(l) = -l**3 - 6*l**2 + 110*l + 238. Determine n(-13).
-9
Let y(v) = 420*v - 411. Calculate y(1).
9
Let u(y) = -y**3 + 49*y**2 - 52*y + 358. Give u(48).
166
Let x(z) = 5*z**3 + 39*z**2 - 62*z + 14. What is x(-9)?
86
Let p(u) = -39*u - 635. Determine p(-16).
-11
Let p(i) = -4*i**3 + 61*i**2 - 72*i + 31. What is p(14)?
3
Let c(u) = 19*u + 33. Calculate c(-2).
-5
Let p(t) = -t**3 - 22*t**2 - 49*t - 66. Give p(-20).
114
Let x(a) = 2*a**2 + 36*a + 142. Determine x(-13).
12
Let x(z) = -z**3 - 8*z**2 + 2*z + 36. Determine x(-8).
20
Let f(z) = z**2 - 156*z - 2743. Give f(-16).
9
Let d(q) = 79*q + 32. Give d(2).
190
Let o(s) = -3*s**3 - 93*s**2 + 91*s - 100. What is o(-32)?
60
Let o(v) = -v**2 + 23*v - 35. Give o(20).
25
Let r(c) = -c**3 + 6*c**2 - 2*c - 21. Determine r(5).
-6
Let b(c) = -c**3 - 26*c**2 - 136*c - 14. Determine b(-7).
7
Let c(k) = -12*k**2 - 44*k + 54. Give c(-4).
38
Let x(i) = 8*i**3 - 4*i**2 - 3*i + 7. Calculate x(1).
8
Let u(i) = 3*i**3 - 4*i**2 - 318*i - 612. What is u(-2)?
-16
Let n(d) = -6*d**2 - 84*d + 383. What is n(5)?
-187
Let l(z) = -18*z + 586. Give l(46).
-242
Let b(c) = -c**3 - 35*c**2 - 18*c - 638. Give b(-35).
-8
Let l(b) = b**3 - 20*b**2 + 19*b - 15. Give l(19).
-15
Let w(k) = -k**2 - 473*k + 474. What is w(1)?
0
Let i(f) = -f**3 + 23*f**2 + 362*f - 3532. Calculate i(31).
2
Let t(q) = -2*q**2 + 62*q - 172. Determine t(28).
-4
Let l(j) = -j**3 - 28*j**2 - 109*j + 93. Give l(-23).
-45
Let y(j) = -2*j**3 + 5*j**2 - 51*j - 52. Determine y(-1).
6
Let a(s) = -11*s**2 - 250*s - 182. Calculate a(-22).
-6
Let i(n) = -43*n - 1936. What is i(-45)?
-1
Let k(d) = -31488*d + 188933. Give k(6).
5
Let a(p) = p**2 + 12*p - 22. What is a(2)?
6
Let c(h) = -2646*h - 18485. Calculate c(-7).
37
Let q(o) = o**3 - 18*o**2 - 63*o + 472. What is q(20)?
12
Let z(m) = -3*m**3 + 26*m**2 - 37*m + 165. Determine z(8).
-3
Let q(o) = -105*o - 94. Determine q(0).
-94
Let t(y) = 3*y**3 - 164*y**2 + 275*y - 522. Give t(53).
8
Let a(x) = -12*x + 77. Calculate a(5).
17
Let u(l) = -3*l**2 + 43. Determine u(-5).
-32
Let w(v) = -v**3 + 37*v**2 - 104*v + 93. Calculate w(34).
25
Let i(u) = u**3 - 19*u**2 - 65*u + 12. Determine i(22).
34
Let z(s) = 20*s + 1561. Calculate z(-78).
1
Let f(a) = -3582*a + 17853. Calculate f(5).
-57
Let w(y) = y**3 + 29*y**2 + 222*y + 89. What is w(-15)?
-91
Let r(n) = -60*n - 76. Determine r(0).
-76
Let m(a) = a**3 + 6*a**2 - 103*a - 709. Determine m(-7).
-37
Let k(j) = 10*j - 90. Determine k(14).
50
Let v(b) = -b**2 - 230*b + 3165. Give v(13).
6
Let b(d) = d**3 + 51*d**2 - 165*d - 169. Determine b(-54).
-7
Let l(h) = h**3 - 26*h**2 - 41*h + 1059. What is l(26)?
-7
Let m(d) = -d**3 - 33*d**2 - 187*d - 139. Give m(-26).
-9
Let w(u) = -3*u**2 + 85*u - 257. Calculate w(25).
-7
Let q(y) = y**2 - 6*y - 198. Calculate q(16).
-38
Let p(l) = 42*l - 560. What is p(15)?
70
Let t(g) = g**2 + 486*g - 9601. What is t(19)?
-6
Let b(t) = t**2 + 25*t + 100. Give b(-18).
-26
Let a(t) = 672*t - 2020. What is a(3)?
-4
Let a(w) = w**2 + 994*w - 1987. Calculate a(2).
5
Let o(f) = -5*f**2 + 26*f + 21. Determine o(5).
26
Let x(z) = -41*z - 143. Give x(-1).
-102
Let v(a) = 18*a**2 - 4*a + 1. Give v(3).
151
Let l(w) = w**2 - 72*w + 1074. What is l(21)?
3
Let w(y) = -12*y**2 + 5*y + 3. What is w(1)?
-4
Let d(i) = -20*i - 287. Give d(-4).
-207
Let g(a) = -78*a - 483. Calculate g(-6).
-15
Let v(q) = q**3 + 15*q**2 - 9*q - 38. Calculate v(-15).
97
Let j(b) = 24*b**2 - 1418*b + 129. Calculate j(59).
11
Let p(u) = -17*u + 22. Determine p(7).
-97
Let y(m) = 16*m**2 + 452*m + 451. Give y(-1).
15
Let n(t) = -t**2 + 20*t + 798. Determine n(40).
-2
Let d(n) = 5*n**2 + 63*n - 2884. Calculate d(-31).
-32
Let j(z) = -z**3 - 73*z**2 - 58*z + 990. Determine j(-72).
-18
Let o(s) = -295*s - 1474. Give o(-5).
1
Let s(n) = n**3 + 2*n**2 + n + 71. Determine s(5).
251
Let z(l) = -819*l - 40954. Determine z(-50).
-4
Let f(g) = 69*g - 4297. Give f(62).
-19
Let a(c) = 43*c - 1548. Give a(36).
0
Let k(f) = -9*f - 213. What is k(-26)?
21
Let b(i) = -4*i**3 - 25*i**2 + 97*i